{"version":"1.0","provider_name":"Anna Blogozin","provider_url":"https:\/\/annablogozin.cafeblog.hu","author_name":"Anna blogozin","author_url":"https:\/\/annablogozin.cafeblog.hu\/author\/greti_neni\/","title":"Tudd: nem vagy egyed\u00fcl!","html":"<p>&nbsp;<\/p>\r\n<p>Gondoltad volna?<\/p>\r\n<p>M\u00e1r tizennyolc napja, hogy r\u00e1nk szakadt a vil\u00e1gmindens\u00e9g?<\/p>\r\n<p>Egy szemmel nem is l\u00e1that\u00f3, apr\u00f3 gyilkos t\u00f6rt r\u00e1nk: a koronav\u00edrus...<\/p>\r\n<p>Vesz\u00e9lybe ker\u00fclt, mindaz ami sz\u00e1munkra a legfontosabb: az eg\u00e9szs\u00e9g\u00fcnk... a tied, a gyerek\u00e9, a p\u00e1rod\u00e9, a nagyi\u00e9, a legjobb bar\u00e1tod\u00e9, ismer\u0151s\u00f6k\u00e9 \u00e9s ismeretlenek\u00e9...<\/p>\r\n<p>&nbsp;<\/p>\r\n<p><img class=\"aligncenter wp-image-578 size-large\" src=\"https:\/\/annablogozin.cafeblog.hu\/files\/2020\/03\/magyarorsz\u00e1g-600x300.jpg\" alt=\"\" width=\"600\" height=\"300\" \/><\/p>\r\n<p>&nbsp;<\/p>\r\n<p>Hirtelen megv\u00e1ltozott minden, ami k\u00f6r\u00fclvesz minket... m\u00e1s lett a fontoss\u00e1gi sorrend... m\u00e1r nem legyint\u00fcnk laz\u00e1n az \u00f6regek r\u00e9gi mond\u00e1s\u00e1ra:<strong><em> \"...csak eg\u00e9szs\u00e9g legyen, a t\u00f6bbivel elb\u00edrok magam is!\"<\/em><\/strong><\/p>\r\n<p>Nem! Foh\u00e1szkodunk, hogy meg is maradjon, a tied, a gyerek\u00e9, a p\u00e1rod\u00e9, a nagyi\u00e9, a legjobb bar\u00e1tod\u00e9...<\/p>\r\n<p>Soha nem l\u00e1tott \u00f6sszefog\u00e1ssal k\u00f6sz\u00f6ntj\u00fck az eg\u00e9szs\u00e9g\u00fcgyben k\u00fczd\u0151 orvosokat, \u00e1pol\u00f3kat, ment\u0151s\u00f6ket...\u00a0 ki-ki a maga eszk\u00f6zeivel: tapssal, dud\u00e1l\u00e1ssal, \u00e9nekl\u00e9ssel... zen\u00e9vel...<\/p>\r\n<p>A tizennyolcadik napon, a magyar korm\u00e1nyf\u0151, <em><strong>Orb\u00e1n Viktor<\/strong> <\/em>zen\u00e9s vide\u00f3val csatlakozott a <em>dunaszerdahelyi futball<\/em> <em>csapat (DAC)<\/em> felh\u00edv\u00e1s\u00e1hoz, akik azt k\u00e9rt\u00e9k szurkol\u00f3ikt\u00f3l, hogy m\u00e9rk\u0151z\u00e9s\u00fck kezdete el\u0151tt t\u00edz perccel mindenki a saj\u00e1t erk\u00e9ly\u00e9r\u0151l, ablak\u00e1b\u00f3l, udvar\u00e1r\u00f3l \u00e9nekelje el a klub himnusz\u00e1t, a N\u00e9lk\u00fcled c\u00edm\u0171 sz\u00e1mot.<\/p>\r\n<p><em><strong>Orb\u00e1n Viktor<\/strong><\/em> facebook oldal\u00e1n csatlakozott a felh\u00edv\u00e1shoz \u00e9s ezt a vide\u00f3t tette k\u00f6zz\u00e9:<\/p>\r\n<p>&nbsp;<\/p>\r\n<p><iframe style=\"border: none;overflow: hidden\" src=\"https:\/\/www.facebook.com\/plugins\/video.php?href=https%3A%2F%2Fwww.facebook.com%2Forbanviktor%2Fvideos%2F202383047878813%2F&amp;show_text=0&amp;width=560\" width=\"560\" height=\"315\" frameborder=\"0\" scrolling=\"no\"><\/iframe><\/p>\r\n<p>&nbsp;<\/p>\r\n<p>Ha nagyon elkeseredn\u00e9l, \u00e9nekeld te is...<\/p>\r\n<p><em><strong>Tudd: nem vagy egyed\u00fcl!<\/strong><\/em><\/p>","type":"rich"}

Tudd: nem vagy egyedül!

<p>&nbsp;</p>
<p>Gondoltad volna?</p>
<p>Már tizennyolc napja, hogy ránk szakadt a világmindenség?</p>
<p>Egy szemmel nem is látható, apró gyilkos tört ránk: a koronavírus...</p>
<p>Veszélybe került, mindaz ami számunkra a legfontosabb: az egészségünk... a tied, a gyereké, a párodé, a nagyié, a legjobb barátodé, ismerősöké és ismeretleneké...</p>
<p>&nbsp;</p>
<p><img class="aligncenter wp-image-578 size-large" src="https://annablogozin.cafeblog.hu/files/2020/03/magyarország-600x300.jpg" alt="" width="600" height="300" /></p>
<p>&nbsp;</p>
<p>Hirtelen megváltozott minden, ami körülvesz minket... más lett a fontossági sorrend... már nem legyintünk lazán az öregek régi mondására:<strong><em> "...csak egészség legyen, a többivel elbírok magam is!"</em></strong></p>
<p>Nem! Fohászkodunk, hogy meg is maradjon, a tied, a gyereké, a párodé, a nagyié, a legjobb barátodé...</p>
<p>Soha nem látott összefogással köszöntjük az egészségügyben küzdő orvosokat, ápolókat, mentősöket...  ki-ki a maga eszközeivel: tapssal, dudálással, énekléssel... zenével...</p>
<p>A tizennyolcadik napon, a magyar kormányfő, <em><strong>Orbán Viktor</strong> </em>zenés videóval csatlakozott a <em>dunaszerdahelyi futball</em> <em>csapat (DAC)</em> felhívásához, akik azt kérték szurkolóiktól, hogy mérkőzésük kezdete előtt tíz perccel mindenki a saját erkélyéről, ablakából, udvaráról énekelje el a klub himnuszát, a Nélküled című számot.</p>
<p><em><strong>Orbán Viktor</strong></em> facebook oldalán csatlakozott a felhíváshoz és ezt a videót tette közzé:</p>
<p>&nbsp;</p>
<p><iframe style="border: none;overflow: hidden" src="https://www.facebook.com/plugins/video.php?href=https%3A%2F%2Fwww.facebook.com%2Forbanviktor%2Fvideos%2F202383047878813%2F&amp;show_text=0&amp;width=560" width="560" height="315" frameborder="0" scrolling="no"></iframe></p>
<p>&nbsp;</p>
<p>Ha nagyon elkeserednél, énekeld te is...</p>
<p><em><strong>Tudd: nem vagy egyedül!</strong></em></p>
